{"id":346,"date":"2024-10-07T21:13:49","date_gmt":"2024-10-07T19:13:49","guid":{"rendered":"http:\/\/nemetheva.hu\/?page_id=346"},"modified":"2024-12-13T18:53:30","modified_gmt":"2024-12-13T17:53:30","slug":"p3","status":"publish","type":"page","link":"https:\/\/nemetheva.hu\/index.php\/p3\/","title":{"rendered":"3. \u00daj csal\u00e1dih\u00e1z tervez\u00e9se"},"content":{"rendered":"\n<p>A h\u00e1zik\u00f3 egy \u00e1tlagosn\u00e1l nagyobb csal\u00e1dnak k\u00e9sz\u00fclt. Mindenki kapott saj\u00e1t kuck\u00f3t \u00e9s minden szinten van egy k\u00f6z\u00f6ss\u00e9gi t\u00e9r, ahol a csal\u00e1d tagjai egy\u00fctt, egym\u00e1ssal t\u00f6lthetik a szabadidej\u00fcket \u00e9s a hobbijukat.<\/p>\n\n\n\n<figure class=\"wp-block-image aligncenter size-large\"><img fetchpriority=\"high\" decoding=\"async\" width=\"1024\" height=\"614\" src=\"http:\/\/nemetheva.hu\/wp-content\/uploads\/2024\/10\/10.1_a-1024x614.jpg\" alt=\"\" class=\"wp-image-168\" srcset=\"https:\/\/nemetheva.hu\/wp-content\/uploads\/2024\/10\/10.1_a-1024x614.jpg 1024w, https:\/\/nemetheva.hu\/wp-content\/uploads\/2024\/10\/10.1_a-300x180.jpg 300w, https:\/\/nemetheva.hu\/wp-content\/uploads\/2024\/10\/10.1_a-768x461.jpg 768w, https:\/\/nemetheva.hu\/wp-content\/uploads\/2024\/10\/10.1_a-1536x922.jpg 1536w, https:\/\/nemetheva.hu\/wp-content\/uploads\/2024\/10\/10.1_a.jpg 2000w\" sizes=\"(max-width: 1024px) 100vw, 1024px\" \/><figcaption class=\"wp-element-caption\">T\u00f6megv\u00e1zlat<\/figcaption><\/figure>\n\n\n\n<figure class=\"wp-block-image aligncenter size-large\"><img decoding=\"async\" width=\"1024\" height=\"614\" src=\"http:\/\/nemetheva.hu\/wp-content\/uploads\/2024\/10\/10.2-1024x614.jpg\" alt=\"\" class=\"wp-image-170\" srcset=\"https:\/\/nemetheva.hu\/wp-content\/uploads\/2024\/10\/10.2-1024x614.jpg 1024w, https:\/\/nemetheva.hu\/wp-content\/uploads\/2024\/10\/10.2-300x180.jpg 300w, https:\/\/nemetheva.hu\/wp-content\/uploads\/2024\/10\/10.2-768x461.jpg 768w, https:\/\/nemetheva.hu\/wp-content\/uploads\/2024\/10\/10.2-1536x922.jpg 1536w, https:\/\/nemetheva.hu\/wp-content\/uploads\/2024\/10\/10.2.jpg 2000w\" sizes=\"(max-width: 1024px) 100vw, 1024px\" \/><figcaption class=\"wp-element-caption\">L\u00e1tv\u00e1nyterv<\/figcaption><\/figure>\n\n\n\n<figure class=\"wp-block-image aligncenter size-large\"><img decoding=\"async\" width=\"1024\" height=\"614\" src=\"http:\/\/nemetheva.hu\/wp-content\/uploads\/2024\/10\/10.3-1024x614.jpg\" alt=\"\" class=\"wp-image-171\" srcset=\"https:\/\/nemetheva.hu\/wp-content\/uploads\/2024\/10\/10.3-1024x614.jpg 1024w, https:\/\/nemetheva.hu\/wp-content\/uploads\/2024\/10\/10.3-300x180.jpg 300w, https:\/\/nemetheva.hu\/wp-content\/uploads\/2024\/10\/10.3-768x461.jpg 768w, https:\/\/nemetheva.hu\/wp-content\/uploads\/2024\/10\/10.3-1536x922.jpg 1536w, https:\/\/nemetheva.hu\/wp-content\/uploads\/2024\/10\/10.3.jpg 2000w\" sizes=\"(max-width: 1024px) 100vw, 1024px\" \/><figcaption class=\"wp-element-caption\">T\u00f6megv\u00e1zlat az utc\u00e1val p\u00e1rhuzamosan<\/figcaption><\/figure>\n\n\n\n<figure class=\"wp-block-image aligncenter size-large\"><img loading=\"lazy\" decoding=\"async\" width=\"1024\" height=\"614\" src=\"http:\/\/nemetheva.hu\/wp-content\/uploads\/2024\/10\/10.4-1024x614.jpg\" alt=\"\" class=\"wp-image-172\" srcset=\"https:\/\/nemetheva.hu\/wp-content\/uploads\/2024\/10\/10.4-1024x614.jpg 1024w, https:\/\/nemetheva.hu\/wp-content\/uploads\/2024\/10\/10.4-300x180.jpg 300w, https:\/\/nemetheva.hu\/wp-content\/uploads\/2024\/10\/10.4-768x461.jpg 768w, https:\/\/nemetheva.hu\/wp-content\/uploads\/2024\/10\/10.4-1536x922.jpg 1536w, https:\/\/nemetheva.hu\/wp-content\/uploads\/2024\/10\/10.4.jpg 2000w\" sizes=\"(max-width: 1024px) 100vw, 1024px\" \/><figcaption class=\"wp-element-caption\">L\u00e1tv\u00e1nyterv az utc\u00e1val p\u00e1rhuzamosan<\/figcaption><\/figure>\n\n\n\n<figure class=\"wp-block-image aligncenter size-large\"><img loading=\"lazy\" decoding=\"async\" width=\"1024\" height=\"576\" src=\"http:\/\/nemetheva.hu\/wp-content\/uploads\/2024\/10\/10.5-1024x576.jpg\" alt=\"\" class=\"wp-image-173\" srcset=\"https:\/\/nemetheva.hu\/wp-content\/uploads\/2024\/10\/10.5-1024x576.jpg 1024w, https:\/\/nemetheva.hu\/wp-content\/uploads\/2024\/10\/10.5-300x169.jpg 300w, https:\/\/nemetheva.hu\/wp-content\/uploads\/2024\/10\/10.5-768x432.jpg 768w, https:\/\/nemetheva.hu\/wp-content\/uploads\/2024\/10\/10.5-1536x863.jpg 1536w, https:\/\/nemetheva.hu\/wp-content\/uploads\/2024\/10\/10.5.jpg 1603w\" sizes=\"(max-width: 1024px) 100vw, 1024px\" \/><figcaption class=\"wp-element-caption\">Fot\u00f3 az elk\u00e9sz\u00fclt \u00e9p\u00fcletr\u0151l<\/figcaption><\/figure>\n\n\n\n<div class=\"wp-block-columns is-layout-flex wp-container-core-columns-is-layout-1 wp-block-columns-is-layout-flex\">\n<div class=\"wp-block-column is-layout-flow wp-block-column-is-layout-flow\">\n<div class=\"wp-block-buttons is-content-justification-center is-layout-flex wp-container-core-buttons-is-layout-1 wp-block-buttons-is-layout-flex\">\n<div class=\"wp-block-button is-style-outline is-style-outline--bf360f98e674bfeeb99211cde743aea9\"><a class=\"wp-block-button__link wp-element-button\" href=\"http:\/\/nemetheva.hu\/index.php\/p2\/\">El\u0151z\u0151<\/a><\/div>\n<\/div>\n<\/div>\n\n\n\n<div class=\"wp-block-column is-layout-flow wp-block-column-is-layout-flow\">\n<div class=\"wp-block-buttons is-content-justification-center is-layout-flex wp-container-core-buttons-is-layout-2 wp-block-buttons-is-layout-flex\">\n<div class=\"wp-block-button is-style-outline is-style-outline--74b87c115100def6af86bbcb81e7aa42\"><a class=\"wp-block-button__link wp-element-button\" href=\"http:\/\/nemetheva.hu\/\">F\u0151oldal<\/a><\/div>\n<\/div>\n<\/div>\n\n\n\n<div class=\"wp-block-column is-layout-flow wp-block-column-is-layout-flow\">\n<div class=\"wp-block-buttons is-content-justification-center is-layout-flex wp-container-core-buttons-is-layout-3 wp-block-buttons-is-layout-flex\">\n<div class=\"wp-block-button is-style-outline is-style-outline--d530c068023ac209a24d0167985aa7e7\"><a class=\"wp-block-button__link wp-element-button\" href=\"http:\/\/nemetheva.hu\/index.php\/p4\/\">K\u00f6vetkez\u0151<\/a><\/div>\n<\/div>\n<\/div>\n<\/div>\n\n\n\n<p><\/p>\n","protected":false},"excerpt":{"rendered":"<p>A h\u00e1zik\u00f3 egy \u00e1tlagosn\u00e1l nagyobb csal\u00e1dnak k\u00e9sz\u00fclt. Mindenki kapott saj\u00e1t kuck\u00f3t \u00e9s minden szinten van egy k\u00f6z\u00f6ss\u00e9gi t\u00e9r, ahol a csal\u00e1d tagjai egy\u00fctt, egym\u00e1ssal t\u00f6lthetik a szabadidej\u00fcket \u00e9s a hobbijukat.<\/p>\n","protected":false},"author":2,"featured_media":0,"parent":0,"menu_order":0,"comment_status":"closed","ping_status":"closed","template":"","meta":{"footnotes":""},"class_list":["post-346","page","type-page","status-publish","hentry"],"_links":{"self":[{"href":"https:\/\/nemetheva.hu\/index.php\/wp-json\/wp\/v2\/pages\/346"}],"collection":[{"href":"https:\/\/nemetheva.hu\/index.php\/wp-json\/wp\/v2\/pages"}],"about":[{"href":"https:\/\/nemetheva.hu\/index.php\/wp-json\/wp\/v2\/types\/page"}],"author":[{"embeddable":true,"href":"https:\/\/nemetheva.hu\/index.php\/wp-json\/wp\/v2\/users\/2"}],"replies":[{"embeddable":true,"href":"https:\/\/nemetheva.hu\/index.php\/wp-json\/wp\/v2\/comments?post=346"}],"version-history":[{"count":5,"href":"https:\/\/nemetheva.hu\/index.php\/wp-json\/wp\/v2\/pages\/346\/revisions"}],"predecessor-version":[{"id":736,"href":"https:\/\/nemetheva.hu\/index.php\/wp-json\/wp\/v2\/pages\/346\/revisions\/736"}],"wp:attachment":[{"href":"https:\/\/nemetheva.hu\/index.php\/wp-json\/wp\/v2\/media?parent=346"}],"curies":[{"name":"wp","href":"https:\/\/api.w.org\/{rel}","templated":true}]}}